27?
False
Does 4 divide 34120?
True
Is 828 a factor of 958986?
False
Is 4 a factor of 3357753?
False
Is 54 a factor of 5294106?
True
Does 15 divide 1564915?
False
Does 42 divide 3213955?
False
Does 331 divide 750708?
True
Is 7 a factor of 15231?
False
Is 501 a factor of 3460908?
True
Is 68750 a multiple of 25?
True
Does 160 divide 986031?
False
Is 34991 a multiple of 2?
False
Is 360437 a multiple of 77?
True
Is 8150610 a multiple of 130?
True
Does 80 divide 6844309?
False
Does 5 divide 18375?
True
Is 881 a factor of 10094823?
False
Is 1039 a factor of 6262053?
True
Does 76 divide 121205?
False
Does 387 divide 11697075?
True
Is 22664224 a multiple of 2077?
True
Is 4799400 a multiple of 1295?
False
Is 8 a factor of 117400?
True
Is 285 a factor of 7671345?
True
Is 114135 a multiple of 411?
False
Is 91421 a multiple of 17?
False
Is 25 a factor of 351100?
True
Is 8 a factor of 7195528?
True
Does 15 divide 196714?
False
Does 3 divide 395577?
True
Is 274441 a multiple of 18?
False
Is 16 a factor of 1263241?
False
Does 164 divide 1973084?
True
Is 114 a factor of 803358?
True
Does 74 divide 2871348?
True
Is 258 a factor of 12539574?
True
Does 565 divide 1441315?
True
Is 1787535 a multiple of 6?
False
Does 34 divide 336529?
False
Is 137198 a multiple of 80?
False
Is 95048 a multiple of 2?
True
Is 109974 a multiple of 218?
False
Is 21 a factor of 37128?
True
Does 216 divide 143230?
False
Does 49 divide 884254?
True
Is 35 a factor of 2888655?
True
Is 480 a factor of 4795111?
False
Is 67 a factor of 68947?
False
Does 22 divide 1442562?
True
Is 987 a factor of 653273?
False
Does 560 divide 416925?
False
Does 181 divide 3270435?
False
Is 11 a factor of 259068?
False
Is 138957 a multiple of 273?
True
Is 1568374 a multiple of 574?
False
Is 31 a factor of 1511653?
True
Is 58 a factor of 3495561?
False
Is 247494 a multiple of 39?
True
Is 405 a factor of 839160?
True
Is 8213 a multiple of 42?
False
Does 348 divide 605473?
False
Is 9 a factor of 2788812?
True
Is 168355 a multiple of 23?
False
Is 16 a factor of 85744?
True
Is 716255 a multiple of 610?
False
Does 609 divide 7948766?
False
Is 14 a factor of 1015488?
False
Does 11 divide 8527772?
True
Does 92 divide 422372?
True
Is 58 a factor of 13773543?
False
Is 54 a factor of 930690?
True
Is 6255792 a multiple of 54?
True
Is 34 a factor of 26529316?
True
Is 18315 a multiple of 11?
True
Does 164 divide 841073?
False
Is 990 a factor of 10036620?
True
Is 5464457 a multiple of 1700?
False
Is 28 a factor of 442680?
True
Is 1656620 a multiple of 5?
True
Is 230624 even?
True
Is 180 a factor of 1434969?
False
Is 58 a factor of 6438?
True
Is 4720761 a multiple of 15?
False
Is 1537984 a multiple of 8?
True
Is 586270 a multiple of 46?
True
Is 3197803 a multiple of 25?
False
Is 8 a factor of 303816?
True
Is 7253793 a multiple of 81?
True
Does 3 divide 336096?
True
Does 16 divide 418276?
False
Does 23 divide 27602?
False
Is 190 a factor of 37477120?
True
Does 61 divide 33414?
False
Does 16 divide 9913248?
True
Is 6 a factor of 190968?
True
Does 31 divide 411742?
True
Does 19 divide 45627?
False
Is 196 a factor of 414148?
True
Does 297 divide 649892?
False
Does 438 divide 1464234?
True
Does 4 divide 49827?
False
Does 17 divide 279507?
False
Is 6 a factor of 1089154?
False
Does 19 divide 1613418?
False
Does 8 divide 367774?
False
Is 745512 a multiple of 357?
False
Is 6 a factor of 2669?
False
Does 169 divide 210638?
False
Is 1887481 a multiple of 13?
False
Does 716 divide 4192180?
True
Does 58 divide 3571292?
True
Does 210 divide 922835?
False
Is 76 a factor of 68248?
True
Is 43 a factor of 1628238?
True
Does 29 divide 209264?
True
Does 20 divide 1246?
False
Is 680217 a multiple of 3?
True
Is 13615 a multiple of 7?
True
Is 335 a factor of 2946755?
False
Does 89 divide 1736776?
False
Is 75 a factor of 17813?
False
Is 1592552 a multiple of 474?
False
Is 1335792 a multiple of 204?
True
Is 2 a factor of 63930?
True
Is 81872 a multiple of 7?
True
Is 85426 a multiple of 3?
False
Does 15 divide 265608?
False
Is 12 a factor of 9751283?
False
Is 7996430 a multiple of 130?
True
Is 467 a factor of 111613?
True
Is 46576 a multiple of 41?
True
Is 81 a factor of 6123300?
False
Does 12 divide 151008?
True
Is 5 a factor of 90560?
True
Is 1957928 a multiple of 298?
False
Does 13 divide 50375?
True
Is 36782 a multiple of 95?
False
Is 1221165 a multiple of 35?
False
Is 47 a factor of 21447?
False
Is 1855150 a multiple of 25?
True
Does 45 divide 101657?
False
Does 69 divide 61893?
True
Is 124 a factor of 251077?
False
Is 1430134 a multiple of 73?
False
Is 292565 a multiple of 13?
True
Is 211403 a multiple of 12?
False
Does 669 divide 220770?
True
Does 153 divide 3842289?
True
Is 968846 a multiple of 147?
False
Does 95 divide 3474536?
False
Is 96 a factor of 99079?
False
Is 16 a factor of 11392?
True
Is 45 a factor of 3474057?
False
Does 635 divide 288290?
True
Does 85 divide 67298?
False
Does 160 divide 758880?
True
Is 9 a factor of 1458?
True
Is 7 a factor of 2811891?
False
Does 8 divide 237616?
True
Is 20 a factor of 7471310?
False
Is 11 a factor of 269830?
True
Does 476 divide 6671616?
True
Is 35904 a multiple of 272?
True
Is 196 a factor of 1950984?
True
Does 32 divide 561536?
True
Does 759 divide 10355807?
False
Is 214420 a multiple of 355?
True
Does 76 divide 199654?
False
Does 36 divide 277202?
False
Does 38 divide 6873364?
True
Is 17 a factor of 169517?
False
Is 8288 a multiple of 27?
False
Is 86383 a multiple of 11?
True
Is 1111 a factor of 2225333?
True
Is 1623320 a multiple of 20?
True
Is 14 a factor of 8460977?
False
Does 5 divide 1062401?
False
Does 40 divide 4652440?
True
Is 20 a factor of 164742?
False
Is 8 a factor of 12050704?
True
Is 4895334 a multiple of 185?
False
Is 89629 a multiple of 13?
False
Is 389696 a multiple of 16?
True
Is 3975456 a multiple of 32?
True
Does 29 divide 12716818?
False
Is 986166 a multiple of 18?
True
Does 15 divide 3233100?
True
Is 1397537 a multiple of 11?
False
Is 12 a factor of 1700877?
False
Does 41 divide 2882646?
False
Is 570738 a multiple of 381?
True
Does 8 divide 195144?
True
Does 122 divide 4838451?
False
Does 230 divide 10050310?
True
Does 15 divide 2043402?
False
Is 16 a factor of 8224?
True
Is 75715 a multiple of 30?
False
Is 142889 a multiple of 313?
False
Is 26 a factor of 1103007?
False
Is 876 a factor of 883888?
False
Is 246 a factor of 882507?
False
Is 7775 a multiple of 13?
False
Is 63228 a multiple of 206?
False
Is 437635 a multiple of 109?
True
Does 40 divide 14173960?
True
Is 289 a factor of 335175?
False
Is 264 a factor of 39336?
True
Is 1039 a factor of 2041025?
False
Is 986076 a multiple of 39?
True
Does 149 divide 7435547?
True
Is 173 a factor of 12940100?
False
Is 15886686 a multiple of 75?
False
Is 3614112 a multiple of 423?
True
Does 14 divide 860600?
False
Does 13 divide 2289508?
True
Is 63 a factor of 3383730?
True
Is 21 a factor of 76485?
False
Is 2444400 a multiple of 80?
True
Is 18 a factor of 7711938?
True
Does 204 divide 6672228?
True
Does 13 divide 23743?
False
Is 30 a factor of 1227526?
False
Does 49 divide 706188?
True
Is 1243 a factor of 5824698?
True
Is 12606420 a multiple of 815?
True
Is 1229 a factor of 23585739?
True
Does 9 divide 1165106?
False
Is 3903260 a multiple of 10?
True
Is 6612864 a multiple of 408?
True
Does 49 divide 1141161?
True
Does 27 divide 384831?
True
Does 82 divide 3243?
False
Does 133 divide 85173?
False
Is 116 a factor of 77604?
True
Does 89 divide 18512?
True
Does 32 divide 7520?
True
Is 200 a factor of 41800?
True
Does 405 divide 19585395?
True
Is 14077062 a multiple of 19?
True
Does 133 divide 289275?
True
Does 86 divide 2895620?
True
Does 21 divide 1013152?
False
Does 78 divide 835054?
False
Is 311 a factor of 8276332?
True
Is 574266 a multiple of 18?
False
Is 3 a factor of 400001?
False
Is 362 a factor of 1584482?
False
Is 4290333 even?
False
Is 12020431 a multiple of 11?
False
Is 403277 a multiple of 31?
False
Does 53 divide 293249?
True
Is 9 a factor of 201716?
False
Does 41 divide 2887179?
True
Is 53 a factor of 142153?
False
Is 7297716 a multiple of 276?
True
Is 10 a factor of 1262272?
False
Is 48691 a multiple of 73?
True
Does 8 divide 1363306?
False
Is 34 a factor of 30170?
False
Does 17 divide 144041?
True
Is 12316584 a mul